{"id":14,"date":"2022-03-31T12:47:23","date_gmt":"2022-03-31T12:47:23","guid":{"rendered":"http:\/\/www.istanbulray.com\/?page_id=14"},"modified":"2022-03-31T15:09:55","modified_gmt":"2022-03-31T15:09:55","slug":"hakkimizda","status":"publish","type":"page","link":"http:\/\/www.istanbulray.com\/index.php\/hakkimizda\/","title":{"rendered":"Hakk\u0131m\u0131zda"},"content":{"rendered":"\n<h2>Biz Kimiz ?<\/h2>\n\n\n\n<p>Firmam\u0131z \u0130n\u015faat Y\u00fcksek M\u00fch. Tolga&nbsp; G\u00dcRB\u00dcZER ve \u015eerafettin \u0130LER\u0130 taraf\u0131ndan 2007 y\u0131l\u0131nda kurulmu\u015ftur ve demiryolu rayl\u0131 sistemleri altyap\u0131 ve \u00fcstyap\u0131 yeni yap\u0131m i\u015fleri, mevcut hatlar\u0131n bak\u0131m i\u015fleri ve yenileme projeleri, malzeme ve ekipman temini, uygulama projeleri haz\u0131rlanmas\u0131 ve dan\u0131\u015fmanl\u0131k konular\u0131nda hizmet vermektedir.\u0130\u015fin ba\u015f\u0131ndan sonuna m\u00fc\u015fteri memnuniyeti ve ray i\u015fleri tekni\u011fine, \u015fartnamelerine&nbsp;&nbsp;<strong>sadakat<\/strong>&nbsp;en \u00f6nemli ilkelerimizdir.Firmam\u0131z ortaklar\u0131ndan Y\u00fck.\u0130n\u015faat M\u00fch Tolga G\u00dcRB\u00dcZER ve \u015eerafettin \u0130LER\u0130&nbsp; \u0130stanbul metro i\u015fletme ve bak\u0131m firmas\u0131 Ula\u015f\u0131m A\u015e de ray i\u015fleri \u015fefli\u011fi b\u00fcnyesinde&nbsp; uzun y\u0131llar g\u00f6rev yapm\u0131\u015ft\u0131r. Firma ortaklar\u0131m\u0131z dan Tolga G\u00dcRB\u00dcZER \u0130stanbul Ula\u015f\u0131m A\u015e ray i\u015fleri \u015fefli\u011finde 5 y\u0131l, Aslim \u2013Alarko A\u015e b\u00fcnyesinde T\u00fcrkiye\u2019nin ilk H\u0131zl\u0131 Tren projesinde, \u0130stanbul metrosunun 2. ve 3.a\u015famalar\u0131nda Ray i\u015fleri \u015fefi olarak 5 y\u0131l g\u00f6rev yapm\u0131\u015ft\u0131r. Bu g\u00f6revleri s\u0131ras\u0131nda t\u00fcm H\u0131zl\u0131 Tren, balastl\u0131 hatlar \u00f6zel makaslar\u0131n montajlar\u0131 ve betona tesitli ( direct fixation ) hakk\u0131nda \u00f6nemli tecr\u00fcbeler elde etmi\u015ftir ve bu tecr\u00fcbelerini firmam\u0131z b\u00fcnyesinde ta\u015feron ve m\u00fcteahhit olarak aktarmak i\u00e7in serbest \u00e7al\u0131\u015fmaya ba\u015flam\u0131\u015ft\u0131r. Firma ortaklar\u0131nda \u015eerafettin \u0130LER\u0130 bey \u0130stanbul Ula\u015f\u0131m A\u015e de 15 y\u0131l ray i\u015fleri \u015fefli\u011fi b\u00fcnyesinde, balastl\u0131 yollarda ve tramvay hatlar\u0131nda ray i\u015fleri teknisyeni olarak \u00e7al\u0131\u015fm\u0131\u015ft\u0131r, her t\u00fcrl\u00fc ray i\u015finde pratik tecr\u00fcbesi Ula\u015f\u0131m A\u015e taraf\u0131ndan taltif edilmi\u015f ve sertifikaland\u0131r\u0131lm\u0131\u015ft\u0131r, ayr\u0131ca firmam\u0131z\u0131n karde\u015f firmas\u0131 \u0130stanbul Ray &nbsp;Ltd. ile de m\u00fcteahhitlik hizmetleri vererek serbest \u00e7al\u0131\u015fmaya ba\u015flam\u0131\u015ft\u0131r.<strong>Vurgulamak istedi\u011fimiz&nbsp; faaliyet alanlar\u0131m\u0131z,<\/strong><strong><em>Balastl\u0131 demiryolu hatlar\u0131nda<\/em><\/strong>Ray ve Makas d\u00f6\u015femeRay kayna\u011f\u0131 ( Termit ve Al\u0131n kayna\u011f\u0131 )Bak\u0131m i\u015fleri ( Travers&amp;Ray de\u011fi\u015ftirme, d\u00fcbel tebdili ve conta \u0131slah\u0131)Buraj ( el ile veya makineli )Topo\u011frafik&nbsp; \u00f6l\u00e7\u00fcm,&nbsp; projelendirme,<\/p>\n\n\n\n<p>Test ve devreye alma.<\/p>\n\n\n\n<p><strong><em>Betona tespitli Tramvay ve Hafif metro&nbsp; hatlarda,<\/em><\/strong><\/p>\n\n\n\n<p>Ray ve makas d\u00f6\u015feme, cadde tramvaylar\u0131nda ray bandaj\u0131 ve mastik uygulamalar\u0131<\/p>\n\n\n\n<p>Ray kayna\u011f\u0131 ve dolgu kayna\u011f\u0131 ile conta \u0131slah\u0131<\/p>\n\n\n\n<p>Bak\u0131m onar\u0131m i\u015fleri<\/p>\n\n\n\n<p>Topo\u011frafik \u00f6l\u00e7\u00fcm ve projelendirme<\/p>\n\n\n\n<p>Test ve devreye alma.<\/p>\n\n\n\n<p>Ray i\u015fleri tasar\u0131m, malzeme se\u00e7imi ve dan\u0131\u015fmanl\u0131k<\/p>\n\n\n\n<p>Enerji ray\u0131 ( 3.ray ) d\u00f6\u015feme i\u015fleri<\/p>\n\n\n\n<p>Kurulu\u015f amac\u0131m\u0131z in\u015faat ve&nbsp;demiryolu&nbsp;projelerinde tecr\u00fcbeli m\u00fcteahhit veya ta\u015feron a\u00e7\u0131\u011f\u0131n\u0131 gidermek ve kaliteli projelere imza atmakt\u0131r..<\/p>\n\n\n\n<p>Faaliyet alan\u0131m\u0131z; demiryolu rayl\u0131 sistemleri altyap\u0131 ve \u00fcstyap\u0131 yeni yap\u0131m i\u015fleri, mevcut hatlar\u0131n bak\u0131m i\u015fleri ve yenileme projeleri,kaba ve ince&nbsp;in\u015faat yap\u0131m i\u015fleri, \u00e7evre d\u00fczenleme ve peyzaj i\u015fleri .<\/p>\n\n\n\n<p>\u0130lkelerimiz kuruldu\u011fu g\u00fcnden bu yana kalite, g\u00fcvenilirlik, d\u00fcr\u00fcstl\u00fck ve m\u00fc\u015fterilerine hizmet&nbsp;de\u011ferlerine ba\u011fl\u0131l\u0131\u011f\u0131n ba\u015far\u0131n\u0131n anahtar\u0131 oldu\u011fu inanc\u0131yla hizmet vermektedir<\/p>\n\n\n\n<p>Firmam\u0131z b\u00fcnyesinde&nbsp;tecr\u00fcbeli m\u00fchendis, teknisyen ,usta ve i\u015f\u00e7iler bulunmaktad\u0131r.<\/p>\n\n\n\n<p>Sayg\u0131n ve g\u00fcvenilir bir \u015firket olmay\u0131 hedefledik ve bunu da ba\u015fard\u0131\u011f\u0131m\u0131za inan\u0131yoruz. Firmam\u0131zla ilgili olumlu de\u011ferlendirmeler bizlere yeni i\u015flerde cesaret ve y\u00f6n vermektedir.<\/p>\n\n\n\n<p>Sayg\u0131lar\u0131m\u0131zla<\/p>\n\n\n\n<p>\u015eerafettin \u0130LER\u0130 &amp; Tolga G\u00dcRB\u00dcZER<\/p>\n","protected":false},"excerpt":{"rendered":"<p>Biz Kimiz ? Firmam\u0131z \u0130n\u015faat Y\u00fcksek M\u00fch. Tolga&nbsp; G\u00dcRB\u00dcZER ve \u015eerafettin \u0130LER\u0130 taraf\u0131ndan 2007 y\u0131l\u0131nda kurulmu\u015ftur ve demiryolu rayl\u0131 sistemleri altyap\u0131 ve \u00fcstyap\u0131 yeni yap\u0131m i\u015fleri, mevcut hatlar\u0131n bak\u0131m i\u015fleri ve yenileme projeleri, malzeme ve ekipman temini, uygulama projeleri haz\u0131rlanmas\u0131 ve dan\u0131\u015fmanl\u0131k konular\u0131nda hizmet vermektedir.\u0130\u015fin ba\u015f\u0131ndan sonuna m\u00fc\u015fteri memnuniyeti ve ray i\u015fleri tekni\u011fine, \u015fartnamelerine&nbsp;&nbsp;sadakat&nbsp;en \u00f6nemli [&hellip;]<\/p>\n","protected":false},"author":1,"featured_media":0,"parent":0,"menu_order":0,"comment_status":"closed","ping_status":"closed","template":"","meta":[],"_links":{"self":[{"href":"http:\/\/www.istanbulray.com\/index.php\/wp-json\/wp\/v2\/pages\/14"}],"collection":[{"href":"http:\/\/www.istanbulray.com\/index.php\/wp-json\/wp\/v2\/pages"}],"about":[{"href":"http:\/\/www.istanbulray.com\/index.php\/wp-json\/wp\/v2\/types\/page"}],"author":[{"embeddable":true,"href":"http:\/\/www.istanbulray.com\/index.php\/wp-json\/wp\/v2\/users\/1"}],"replies":[{"embeddable":true,"href":"http:\/\/www.istanbulray.com\/index.php\/wp-json\/wp\/v2\/comments?post=14"}],"version-history":[{"count":2,"href":"http:\/\/www.istanbulray.com\/index.php\/wp-json\/wp\/v2\/pages\/14\/revisions"}],"predecessor-version":[{"id":62,"href":"http:\/\/www.istanbulray.com\/index.php\/wp-json\/wp\/v2\/pages\/14\/revisions\/62"}],"wp:attachment":[{"href":"http:\/\/www.istanbulray.com\/index.php\/wp-json\/wp\/v2\/media?parent=14"}],"curies":[{"name":"wp","href":"https:\/\/api.w.org\/{rel}","templated":true}]}}